y. Let r(m) = 3*m**2 + 149*m + 107. Calculate r(y).
9
Suppose 0 = -9*k - 2084 - 1246. Let b = -367 - k. Let s(z) = z + 1. Calculate s(b).
4
Let u(c) = -3*c**2 + 15*c + 13. Let h(t) = 7 - 12 + 0*t**3 + t**2 - t**3. Let a be h(0). Let r(w) = -w**2 + 7*w + 6. Let n(b) = a*r(b) + 2*u(b). What is n(-4)?
0
Let c(d) = -6*d - 17. Let n = 6703 - 6698. Determine c(n).
-47
Let d = 148 - 143. Suppose -52*i = d*t - 50*i + 28, -5*t - 3*i = 32. Let c(f) = -f**2 - 7*f + 2. Calculate c(t).
14
Let c(r) be the third derivative of r**5/60 - r**4/4 + r**3/6 - 3*r**2 + 18*r. Let y(i) = 2*i**2 - 7*i + 4. Let j be y(0). Calculate c(j).
-7
Suppose s = 2*q - 13, -3*q = -q + 4*s + 12. Suppose -4 = -5*d + m - 11, -q*d + 1 = -3*m. Let z(w) = -18*w + 2. Calculate z(d).
38
Let m be 7482/(-870) + 2/(-5). Let p(o) = -o**3 - 11*o**2 - 21*o - 22. Determine p(m).
5
Let j(i) be the second derivative of 2*i**3/3 + i**2/2 + 4*i. Let d(o) = o**3 + 6*o**2 - 4*o - 8. Let w be d(-6). Suppose 0 = -w*a + 26*a - 20. Determine j(a).
9
Let k be (6/(-8))/((-2)/8). Let s = 733 - 734. Let t(j) = j**3 + 2*j**2 - j. Let r(b) = -b**3 - 5*b**2 + 5*b - 3. Let a(c) = s*r(c) - 2*t(c). Determine a(k).
-24
Let k(a) = a**3 - 6*a**2 + 6*a - 8. Let z = 324 - 317. Suppose -z*i + 7 = 2*h - 6*i, 4*i = 5*h - 50. Determine k(h).
28
Let s(i) = -i**2 + 55*i - 248. Let h(l) = 6*l**3 - 4*l**2 + 9*l. Let d be h(2). Determine s(d).
2
Let c be (0*2/6)/3. Let w be 34/(-17)*(0 - 8). Let u(o) = -6 - 39*o + 9*o + w*o + 13*o. What is u(c)?
-6
Let t(x) = 14*x + 0*x**2 - 1 + x**2 + 7 + 24 + 0*x**2. Give t(-9).
-15
Let j(m) be the third derivative of -m**4/12 + 25*m**3/6 + 2586*m**2. Give j(19).
-13
Let j(q) be the second derivative of 13/2*q**2 + 9*q - 1/12*q**4 + 4 - 3/2*q**3. Calculate j(-10).
3
Let u(x) = -x**2 - 50*x + 325. Let i be u(6). Let j(b) = 8*b + 85. What is j(i)?
-3
Let t(z) = z**2 - 4*z + 9. Let w be t(6). Let s be ((-2)/2)/(81/w + -4). Let d(x) = -x**2 + 10*x - 12. Calculate d(s).
9
Let b = -481 + 479. Let a be 4*b*((-63)/(-12))/7. Let d(c) = -c**3 - 7*c**2 - 8*c - 6. Calculate d(a).
6
Let v(y) = 4*y**2 - 20*y + 30. Let t(s) = 5*s**2 - 22*s + 30. Let c(h) = -3*t(h) + 4*v(h). Let q be c(2). Let g(f) = -f. What is g(q)?
-6
Let u(t) be the first derivative of t**3/3 + 3*t**2/2 - 4*t + 9. Suppose -5*y + 5*k - 18 = -9*y, y - k = 0. Suppose -3 = f - j - 0*j, y*f + j = -9. Give u(f).
0
Let h(l) = -3*l + 4. Suppose -939 = -43*i + 1469. Suppose 5*t - 4*o - 267 = -3*o, 0 = 4*t + 4*o - 204. Let d = i - t. Calculate h(d).
-5
Let r = -11 + -19. Let o be 5/25*2 - 198/r. Let k(h) = -h**2 + 5*h + 3. Give k(o).
-11
Let h(r) = -434 - r + 486 + 3*r - 3*r - r. Give h(30).
-8
Let l(s) = 34871*s + 18*s**2 - 50 - 34867*s - 17*s**2. Determine l(-9).
-5
Let v(r) = -13*r**3 - r**2 + 77*r + 3. Let p(z) = -2*z**3 + 10*z. Let k(q) = 7*p(q) - v(q). Give k(4).
-79
Let u = -944/3 + 315. Let s(d) be the first derivative of -4*d**2 - 23 + 4*d + u*d**3. Determine s(6).
-8
Let s(k) = -38*k**2 + 3*k + 3. Let p(y) be the third derivative of 63*y**5/20 - 17*y**4/24 - 8*y**3/3 + 183*y**2. Let j(l) = 2*p(l) + 11*s(l). Give j(1).
-40
Let i(d) = d**2 - 13*d - 9. Let w(o) = 2*o**2 - 27*o - 18. Let k = -230 - -234. Let v(x) = k*w(x) - 9*i(x). Give v(10).
-1
Let c(t) = t**3 + 8*t**2 + t + 9. Suppose -17*i - 40 = -18*i. Suppose -2*n = -2*o - 16, o - 6*o - i = -4*n. What is c(o)?
1
Let c(k) = 435*k**2 - k**3 - 191*k**2 - 238*k**2 + 7 + 2*k. What is c(5)?
42
Let i be 2/(1162/154 + -7)*(0 + 3). Let y(f) = -f**3 + 11*f**2 - f + 23. Give y(i).
12
Let y(u) = -u**2 - u + 12. Let w(b) = -b**2 + 2*b + 2. Let l be w(0). Suppose 3 = -3*t - o, 0*t + 2*t - l*o - 6 = 0. What is y(t)?
12
Let c(g) = 70*g**2 + 2*g + 1. Let z be c(-1). Let a = -5872 - -5883. Suppose -a*r - z = -14. Let f(x) = -x**3 - 6*x**2 - 5*x - 4. What is f(r)?
-4
Let q(a) = 5*a + 489 - 2*a + 0*a - 492 - 2*a. Suppose 3*h + 1 - 5 = -4*k, -h + 2 = 2*k. Give q(h).
-3
Let a(s) be the first derivative of 5/2*s**2 - 14 + 0*s. Suppose -2*m = 10, -2*c + c + 22 = -4*m. Determine a(c).
10
Let t(f) = -2*f**3 - 5*f**2 + 2*f + 1. Let j(g) = 2*g**3 + 5*g**2 - 3*g - 4. Let d(p) = 2*j(p) + 3*t(p). Give d(-3).
4
Let v(n) = 3*n**3 - 11*n - 13. Let p(t) = 536*t + 2678. Let k be p(-5). Give v(k).
-15
Let p(c) = 4*c**3 + 2*c**2 + c + 3. Let d(s) = -7*s**3 - 4*s**2 - 2*s - 10. Let m(r) = -3*d(r) - 5*p(r). Give m(-3).
3
Let t(a) = 100*a - 2812. Let p be t(28). Let l(v) = -v - 22. Give l(p).
-10
Let f = -16 - -16. Let w(y) be the second derivative of y**6/360 - 3*y**4/4 - y**3/6 + 19*y**2 - 34*y. Let x(q) be the second derivative of w(q). What is x(f)?
-18
Let y(s) be the second derivative of -s**4/12 - 4*s**3/3 - 3*s**2 - 2*s - 80. Give y(-10).
-26
Suppose 105*d - 16 = 101*d. Let t(s) = 2*s**3 + 6*s**2 - 8*s - 1. Let u(p) = p**3 + 2*p**2 - 4*p. Let x(k) = 3*t(k) - 7*u(k). Calculate x(d).
13
Let c be (-63)/35*(-1720)/12. Let s = c - 264. Let m(i) = i**3 - i**2 + i + 1. Let b(v) = 4*v**3 - 12*v**2 - 3*v + 3. Let d(k) = b(k) - 5*m(k). What is d(s)?
10
Let v(r) = -532 + 474 + 12*r + 46 - 2*r**2. Calculate v(3).
6
Let l(a) = -14*a**2 + 2*a. Let f = 3118 - 3117. What is l(f)?
-12
Let p(t) = t**3 - 2*t**2 + 2*t - 1. Suppose -9*u - 95 + 50 = -63. Give p(u).
3
Let c(u) = -2*u**3 + 8*u**2 + 8*u + 15. Suppose 3*t + 2*z = 25, -137*t + 138*t - 4*z = -15. What is c(t)?
5
Let c = 37 + -17. Let u = -13 + c. Let s(b) = -3*b**2 - 23*b - 5 + 17*b + 2*b**2 + 13*b. Give s(u).
-5
Let q(a) be the third derivative of a**4/12 - a**3/6 - 41*a**2 - 10*a. Determine q(-3).
-7
Suppose -18*w - 2 = -19*w. Let h be w/(-8) - 21/8*-2. Suppose -6*o = -h*o + 1. Let b(i) = -4*i**3 - i - 1. What is b(o)?
4
Let d(b) = -2*b**2 + 17*b. Suppose -11*r + 10 = 4*z, 19*z + 6 = 20*z + r. What is d(z)?
8
Let r = 105 - 102. Let g(d) = -d**2 - 86*d**r + 2*d**2 + 98*d**3. What is g(1)?
13
Let d = 35 - 35. Let a(v) = 4*v**2 + 2. Give a(d).
2
Let p = 517 - 475. Suppose -114 = -6*t - p. Let m(n) = -n**2 + 14*n - 9. Calculate m(t).
15
Let c be (2/(-4))/(((-29)/28)/29). Suppose 3*p + 3*a = c - 2, 20 = 4*p + 2*a. Let s(y) = -5*y - 1. Calculate s(p).
-31
Let v(a) be the third derivative of a**6/60 - 7*a**5/15 + 47*a**4/24 + 7*a**3/3 - 26*a**2 - 12*a + 6. Determine v(12).
2
Let l(a) = -2*a**3 + 6*a**2 - 4*a + 5. Let k = 334 + -331. Determine l(k).
-7
Suppose -3*x + q - 229 - 387 = 0, 4*q - 394 = 2*x. Let b = -6 - x. Suppose -136 + b = -5*m. Let i(a) = a**3 + 14*a**2 + 14*a + 12. What is i(m)?
-1
Let f be 4 - 2 - (-33 + 6/2). Let y = f - 32. Suppose y = g - 3*g - 4*b + 32, -g - 4*b = -26. Let h(o) = -o**3 + 7*o**2 - 8*o + 8. Calculate h(g).
-4
Let v be -2 + 5 + (-5)/1 - -5. Let q be v - ((-8)/32)/((-2)/24). Let r(n) = -n - 2. Calculate r(q).
-2
Suppose -41*f = -122 + 160 + 208. Let k(g) = 11*g + 24. What is k(f)?
-42
Let n(u) be the first derivative of u**3/3 - 8*u**2 - 12*u + 950. Determine n(16).
-12
Let s(c) = -3*c**2 + 94*c - 31. Suppose -132*t + 2817 = -1275. Give s(t).
0
Let r(p) = -1046*p**2 + 526*p**2 - 3*p + 3 - p + 522*p**2. Suppose 0 = h - 4*h + 6. Calculate r(h).
3
Suppose -8*z - 86 = -198. Suppose -4 = 2*y - z, -t - y = -3. Let o(x) = -x**2 - 1 + 5 - 2. Give o(t).
-2
Let g(o) = -o + 11. Suppose h + 3*j - 2 = 0, 5*h - 3*j - 45 - 37 = 0. Let s be 114/h - 7/245*5. What is g(s)?
3
Let m(u) = u**2 + 763189*u**3 - 381599*u**3 - u - 4 - 381589*u**3. Suppose 5*o = -5*v - 25, 0*o = 2*o - 3*v. Determine m(o).
-19
Let f(p) be the second derivative of -p**6/120 + p**5/60 + p**4/6 + p**3/2 + 29*p**2/2 + 6*p. Let w(t) be the first derivative of f(t). What is w(-3)?
27
Let o = -19 + 39. Let w be (-24)/2*o/40. Let x(r) = r**3 + 44 - 27 - 25 + 6*r**2. Give x(w).
-8
Let k(s) = 7*s**2 - 50*s + 12. Suppose 5*m = 3*t - 26, 5*t - 5*m = 14 + 26. Calculate k(t).
5
Suppose -2*v = 2*w + 26, -4*w + 3*v - 7 = 17. Let o be (-6 + 4)*((-27)/6)/w. Let j(z) = -20*z**3 + 2*z**2 + z. Give j(o).
21
Let t(q) = -397*q + 14. Let d(f) = -727*f + 28. Let b(h) = 6*d(h) - 11*t(h). Calculate b(8).
54
Suppose -4*s + 8 = 0, 7 - 33 = 5*u + 2*s. Let t = u + 15. Let p(m) = m**2 - 11*m + 5. Calculate p(t).
-13
Let v(z) = -z**2 - 12*z + 12. Suppose -23*g + 2212 = 2488. What is v(g)?
12
Let l = -1 - -3. Suppose -5*y - 3*w = -280, 3*y - 2*w = l*w + 168. Let p = -48 + y. Let g(f) = 2*f - 9. Give g(p).
7
Let y(i) = 2*i 